ine y(i).
4
Let m(t) = -4*t**2 + 170*t - 397. Let b be m(40). Let p(f) be the third derivative of 3/2*f**b - 7/24*f**4 + 0*f + 1/60*f**5 + 9*f**2 + 0. What is p(6)?
3
Let w(z) = -2*z**2 - 18196 + 54788 - 18257 - 18257 + 22*z. Determine w(14).
-6
Let k(l) = -l**3 - 3*l**2 - l - 1. Let q be k(-3). Let t be (-3 + q)/(-1)*(-5 + 12). Let u(g) = -t*g + g + 3*g - 4*g. Calculate u(1).
-7
Let i(m) = -2*m**2 + 7*m + m**2 + 27*m - 29*m + 2 + 2. Give i(11).
-62
Let j = 0 + 2. Suppose 0 = -2*w - j - 2. Let u(v) be the first derivative of -v**4/4 - v**3/3 + v**2 + 3540. What is u(w)?
0
Let r(y) = -4*y + 1. Suppose 2105 = -6*p + 107. Let g = 334 + p. What is r(g)?
-3
Let k(r) = -7*r**2 - 21*r + 6. Let s(f) = 43*f**2 + 127*f - 49. Let i(p) = 37*k(p) + 6*s(p). Give i(-10).
-22
Let c(a) = -a**2 - 3*a + 3. Let t be c(-3). Let v(r) be the first derivative of 1/4*r**4 - 15 + t*r**2 + 4*r - 7/3*r**3. Determine v(6).
4
Let h = 8931 - 8928. Let v(b) be the second derivative of 3*b + 0 + 1/2*b**2 + 1/3*b**h. Give v(-4).
-7
Let j(n) = 83*n**2 - 38*n - 77. Let r be j(-2). Suppose -r*t = -316*t + 60. Let b(c) = c**3 + 2*c**2 - 9*c - 4. Calculate b(t).
0
Let a(b) = -b**2 - 171*b - 7324. Let y be a(-85). Let k(g) = 6*g + 15. Let f(z) = z. Let d(t) = -5*f(t) + k(t). Give d(y).
1
Let y(d) = 3*d**2 + 25*d + 13. Let m = 2524 + -2532. What is y(m)?
5
Suppose 4*o + o + 15 = 0. Suppose -4 = -k - k. Let m(i) = -138*i**k - 3*i + i**3 - 4 + 69*i**2 + 70*i**2. Calculate m(o).
-13
Let s(f) = 45*f - 15 + 160 + 170 + 12*f + 4*f. Determine s(-5).
10
Let k be 2/2 + (-29)/((-203)/42). Let v(b) = -12*b**2 - k*b**2 - 16*b**2 - 9*b**2 + 1 + 2*b**2. Determine v(1).
-41
Let c(b) = 9*b + 170. Let j be (-9)/12*(-4788)/(-189). Give c(j).
-1
Let c(y) be the third derivative of -y**4/12 - y**3 - 100*y**2. Suppose -2*s = 4*p + 2, -3*p + s = 3*s + 2. Determine c(p).
-6
Let b(o) = 6*o + 13. Let g(a) = -a**2 - 7*a + 5. Let u be g(-8). Give b(u).
-5
Let c = 22467 + -22477. Let y(g) = 2*g**3 + 19*g**2 - 23*g - 123. What is y(c)?
7
Let o(w) = -60*w + 70. Let v(f) = 10*f - 11. Let m(n) = 4*o(n) + 25*v(n). What is m(4)?
45
Let m(f) = -40*f. Suppose 19*y - 207 = -150. Suppose 0 = y*q - 9, 4 + 3 = -2*v + 3*q. Calculate m(v).
-40
Let r(q) = q**3 + 20*q**2 + 5. Suppose 25*o + 3*w + 75 = 22*o, -w - 105 = 5*o. What is r(o)?
5
Suppose 0 = -i + 3*i - 6. Suppose i*r = -0*r - 3. Let d(w) = 31*w + 30*w - 50*w + 1. Calculate d(r).
-10
Let d = 226 - 224. Let x(o) = 22*o**2 + 2*o + 22. Let w be -1*(-5)/(-2)*-2. Let y(q) = 9*q**2 + q + 9. Let b(a) = w*x(a) - 12*y(a). What is b(d)?
6
Let i = 13 + -10. Suppose -296 = -4*l - 80. Let x(s) = 2*s**2 + s - l*s**3 + s**2 + 52*s**3 + 4 + 2*s. Determine x(i).
-14
Let n(k) = 2*k**2 + k - 8. Suppose -9*j = -254 + 209. Suppose 0 = 5*y + 4*q - 8, 10 = -3*y + j*y + 5*q. What is n(y)?
-8
Let u(j) = j**3 + 4*j**2 - j + 23. Let w(i) = -432*i - 1301. Let p be w(-3). Give u(p).
3
Suppose 0 = 100*x - 103*x + 6. Suppose 4*z - 38 = -k, -z - k = -4*z + 25. Let f(u) = z*u**2 - 29*u**x - 4 + 2 + 3. Determine f(1).
-19
Let i(b) be the third derivative of -b**4/24 - 2*b**3/3 - 8*b**2. Let p = 1952 + -1958. Give i(p).
2
Let f(m) = 9 - 46*m**3 + 4 + 45*m**3 + 11*m**2 + m + 10*m. Let r(w) = -w**2 + 29*w - 88. Let h be r(25). Give f(h).
1
Let g = -4913 - -4918. Let i(w) be the second derivative of 1/2*w**4 - w**3 + 1/20*w**g + 0 + 1/2*w**2 - 2*w. Determine i(-7).
-6
Suppose 1794 + 889 = 112*h - 3925. Let j(n) = n**3 - 60*n**2 + 59*n + 6. What is j(h)?
6
Suppose -5*i - 33 = -3*d, -2*d + 22 = 3*i + 2*i. Let z be -1*-9*(12/(-9))/(-2). Let l(g) = -g + 3 - 4 + 10 + z. What is l(d)?
4
Let k(j) = 4*j**3 - 40*j**2 - 2*j + 14. Let s be k(10). Let u(t) = -t**2 + 7*t + 79. Calculate u(s).
1
Let g = -5 + 0. Let d be ((-2303)/14)/7*-6. Let t(v) = d - v**2 - 6*v - 69 - 79. What is t(g)?
-2
Let w(o) = 14*o. Suppose 0 = 4*h - 4*q - 40, -19*q + 23*q + 22 = h. Let r(a) = -5*a. Let t(k) = h*w(k) + 17*r(k). Determine t(2).
-2
Let w(g) be the second derivative of -1/6*g**3 + 0 + 103*g - 1/2*g**2 - g**4. Give w(-1).
-12
Let m(b) be the third derivative of b**5/60 + b**4/12 - 25*b**3/2 - b**2 - 478*b. Calculate m(7).
-12
Let u(l) = 6 - 9 + 14*l**2 - 9 - 1 + l**3. Calculate u(-14).
-13
Suppose -78*v - 49*v + 889 = 0. Let o(z) = 2*z**2 - 14*z - 7. Determine o(v).
-7
Let d = 5 + -1. Let n(m) = 70 - 208 - 5*m + 68 + 7*m + 72. What is n(d)?
10
Suppose 7 = 2*v - 13. Let k(q) = q + 13. Let f be k(-5). Suppose f*l - 3*l = v. Let b(j) = -j**2 - j + 1. Determine b(l).
-5
Let f(j) be the second derivative of 0 - 1/120*j**5 + 2*j + 1/24*j**4 + 8/3*j**3 + 0*j**2. Let t(m) be the second derivative of f(m). Determine t(6).
-5
Let h(s) be the second derivative of -s**5/20 + 23*s**4/12 - 61*s**3/6 + 14*s**2 - 2*s + 1737. What is h(20)?
8
Let c(x) = 67*x - 36. Let a(h) = 102*h - 36. Let q(r) = -2*a(r) + 3*c(r). Calculate q(-6).
-18
Let q(n) be the first derivative of -4*n**2 - 36*n + 26. Let x be q(-6). Let h(g) = -2*g + 18. What is h(x)?
-6
Let p(b) be the second derivative of 17*b**3/6 - 7*b**2/2 - 179*b. Calculate p(2).
27
Let k(r) = 8*r**2 + 7*r**2 - 45*r**2 + 7*r**2 + r**3 - 7*r - 5 + 19*r**2. What is k(5)?
-15
Let k = -154 + 160. Let u(s) = -2 + 11*s**2 + s**3 + 7*s**3 - 15*s**3 + 11*s + k*s**3. Give u(12).
-14
Let d(l) = -5*l - 1. Let n(i) = -313 + 311 + 2*i**2 - 3*i**2 - 8*i + 2*i**2. Let k(p) = -5*d(p) + 3*n(p). Let g = -2 + 3. What is k(g)?
3
Let l(d) = -d - 6. Let j be (-26)/(-12) - 3/18. Let f(k) be the second derivative of -k**5/20 + k**4/12 + k**3/3 - 3*k**2/2 + 12*k. Let s be f(j). What is l(s)?
-3
Let j(x) = -x**2 + x - 2. Let q(g) be the third derivative of -g**5/15 - 7*g**4/24 + 2*g**3/3 - 79*g**2. Let r(l) = -3*j(l) + q(l). Give r(-10).
10
Suppose -45*v + 154 + 228 - 112 = 0. Let a(f) = -46*f + 275. What is a(v)?
-1
Let b be 4 + (-1 - 0 - 4 - -7). Let n(c) = 41*c**2 - 2 + b*c - 19*c**2 - 21*c**2 - 2. What is n(-5)?
-9
Let w be 1*(4 - (3 + 0)). Let z(h) = 20*h + 22*h + w - 41*h - 2. Suppose 3*x + 11 = 3*c - 16, -2*x = -4*c + 26. What is z(x)?
-6
Let k(y) = 566 - 1157 + 118*y + 660 - 108*y. Give k(-8).
-11
Suppose -4*q = 2*s - 170, 0*s + 3*s + 105 = 2*q. Let i(z) = 1 + 38*z**2 + q*z**2 + 9*z - 84*z**2. Determine i(10).
-9
Let m(z) be the first derivative of -45 - 5*z - 2/3*z**3 - 8*z**2. Calculate m(-8).
-5
Suppose n - 8 = 4*j, -n - 2*j = 3*n - 14. Let z(a) = 39*a**2 + 0*a - 4*a**3 - 37*a**2 + n*a + 2*a**3. Calculate z(3).
-24
Let c(l) = -2*l**2 + 27*l - 119. Let z(a) = -2*a**2 + 29*a - 119. Let m(w) = 3*c(w) - 4*z(w). What is m(13)?
2
Let g(v) = 4*v**3 - 3*v**3 + 3 + 6. Suppose a - 3*o + 3 + 9 = 0, -3*a + o = 4. Suppose w - 6*w = a. Calculate g(w).
9
Let n(a) be the third derivative of -a**4/2 + 76*a**3/3 - 29*a**2 + 4*a. Give n(12).
8
Let d(i) = -i**2 + 12*i - 8. Suppose -23*p - 31 + 320 = -10. What is d(p)?
-21
Let k(v) = v. Let g be (243/2)/(-3)*(-12 + 16). Let s = g + 165. Give k(s).
3
Suppose -17 + 31 = 2*g. Let x(t) = 12*t + 20 - 56 + 31 - t**2. Calculate x(g).
30
Let p(k) = 11*k + 13. Let f(g) = -17*g - 19. Let d(a) = -5*f(a) - 8*p(a). Let s be 41 + 4/(-1) + 2. Suppose -5*q - s = -9. What is d(q)?
9
Let m(v) be the second derivative of -v**5/20 + 7*v**4/12 + v**3/6 - 19*v**2 + 172*v - 10. What is m(6)?
4
Let t(v) be the second derivative of -15*v**3 - 81*v**2/2 - v + 1594. Give t(-1).
9
Let r = 1661 - 1659. Let a(h) = 14*h + 1. Give a(r).
29
Let r = -1378 + 1378. Let h(f) = f**3 - f**2 - 3*f + 3. Let u be h(2). Let t(n) = -n**2 - 4 - u - 2. What is t(r)?
-7
Let q(c) be the third derivative of c**5/120 - c**4/12 + 29*c**3/3 + c**2. Let v(l) be the first derivative of q(l). Calculate v(-5).
-7
Let r = -61 + 70. Suppose r*c = -0*c + 5*c. Suppose c = -5*k + w - 0*w + 34, -33 = -4*k - 5*w. Let i(q) = -q**3 + 7*q**2 - 10. Calculate i(k).
-10
Let x(n) = -5*n**3 - n**2 - 4*n + 4. Let b(v) = 6*v**3 + 2*v**2 + 4*v - 5. Let s(m) = 6*b(m) + 7*x(m). Suppose -1951 = 37*q - 1766. What is s(q)?
18
Let x(y) be the first derivative of y**3/3 + 5*y**2 + 5*y - 347. Determine x(-9).
-4
Let o(j) = -j**2 - 17*j - 4. Suppose -4*r - 66 = -73 + 87. What is o(r)?
-64
Suppose 4*t = -6*t + 60. Let g be 4/(-8)*t - -4. Let q(d) = -d**3 - 3*d**2 - 6*d + 5. Let y(v) = -v**3 + v**2 + v - 1. Let x(i) = q(i) + 4*y(i). Give x(g).
-5
Let a(z) = -z**2 +